is the remainder when 562039 is divided by 372?
319
Calculate the remainder when 662996 is divided by 82864.
84
What is the remainder when 12995806 is divided by 154711?
82
What is the remainder when 3409108 is divided by 24884?
0
What is the remainder when 303866 is divided by 377?
4
What is the remainder when 39590 is divided by 4337?
557
What is the remainder when 895463 is divided by 1217?
968
What is the remainder when 12682043 is divided by 5957?
5547
Calculate the remainder when 2636267 is divided by 1590.
47
What is the remainder when 307329 is divided by 4652?
297
Calculate the remainder when 9062012 is divided by 4531003.
6
Calculate the remainder when 3599146 is divided by 178.
164
What is the remainder when 214386 is divided by 3107?
3
Calculate the remainder when 1486049708 is divided by 6258.
6254
Calculate the remainder when 273545 is divided by 484.
85
What is the remainder when 1680421 is divided by 72?
13
Calculate the remainder when 1075076 is divided by 39806.
314
Calculate the remainder when 254864 is divided by 23078.
1006
Calculate the remainder when 30700663 is divided by 626543.
56
Calculate the remainder when 11207094 is divided by 11207089.
5
Calculate the remainder when 12622753 is divided by 841515.
28
Calculate the remainder when 180797875 is divided by 13.
11
What is the remainder when 11340108 is divided by 2267985?
183
What is the remainder when 806999 is divided by 100872?
23
What is the remainder when 775060 is divided by 193744?
84
Calculate the remainder when 624543 is divided by 89220.
3
What is the remainder when 2546269 is divided by 9?
7
What is the remainder when 1408161 is divided by 781?
18
Calculate the remainder when 12943762 is divided by 9.
7
What is the remainder when 152833 is divided by 5647?
364
Calculate the remainder when 247893 is divided by 16525.
18
Calculate the remainder when 28956 is divided by 28369.
587
What is the remainder when 1058388 is divided by 209?
12
What is the remainder when 19090 is divided by 1423?
591
Calculate the remainder when 15734696 is divided by 1022.
1006
What is the remainder when 10205779 is divided by 80998?
31
Calculate the remainder when 130544 is divided by 107.
4
Calculate the remainder when 8144060 is divided by 3.
2
What is the remainder when 731011 is divided by 7782?
7285
What is the remainder when 1668477 is divided by 1668450?
27
Calculate the remainder when 445388 is divided by 111338.
36
What is the remainder when 105443557 is divided by 22335?
22
What is the remainder when 2221726 is divided by 1110736?
254
Calculate the remainder when 8667768 is divided by 456194.
82
What is the remainder when 506028 is divided by 1622?
1586
Calculate the remainder when 1649559 is divided by 7431.
7308
What is the remainder when 1479628 is divided by 310?
308
What is the remainder when 557998 is divided by 593?
578
What is the remainder when 449763 is divided by 154?
83
Calculate the remainder when 153116 is divided by 30622.
6
Calculate the remainder when 737435 is divided by 61449.
47
What is the remainder when 40784888 is divided by 7202?
7164
Calculate the remainder when 1938288 is divided by 1233.
12
What is the remainder when 234862351 is divided by 811?
806
What is the remainder when 785370 is divided by 2462?
2454
Calculate the remainder when 5863746 is divided by 183.
60
Calculate the remainder when 1222880 is divided by 358.
310
Calculate the remainder when 1623365 is divided by 1852.
1013
What is the remainder when 19893179 is divided by 17?
0
What is the remainder when 127131100 is divided by 58?
30
What is the remainder when 41527 is divided by 865?
7
Calculate the remainder when 2449992 is divided by 816631.
99
Calculate the remainder when 6707347 is divided by 248419.
34
What is the remainder when 1734285 is divided by 1843?
22
Calculate the remainder when 3431562 is divided by 4916.
194
What is the remainder when 50207 is divided by 16431?
914
What is the remainder when 943989 is divided by 85816?
13
What is the remainder when 2163095 is divided by 13?
12
What is the remainder when 173807262 is divided by 202?
200
What is the remainder when 1016674 is divided by 508331?
12
Calculate the remainder when 1422227 is divided by 1408.
147
Calculate the remainder when 6542347 is divided by 1308459.
52
Calculate the remainder when 191282 is divided by 3035.
77
Calculate the remainder when 1268526701 is divided by 349.
347
Calculate the remainder when 5389883 is divided by 58.
1
Calculate the remainder when 1001552 is divided by 476.
48
What is the remainder when 2609944 is divided by 326239?
32
What is the remainder when 662953 is divided by 1999?
1284
Calculate the remainder when 496910 is divided by 1161.
2
What is the remainder when 46956721 is divided by 163044?
49
What is the remainder when 107926748 is divided by 1356?
1352
What is the remainder when 407318 is divided by 101758?
286
What is the remainder when 182687 is divided by 4773?
1313
Calculate the remainder when 6448163 is divided by 3189.
5
Calculate the remainder when 3759802 is divided by 19281.
7
What is the remainder when 64430918 is divided by 177008?
6
Calculate the remainder when 177438 is divided by 14746.
486
Calculate the remainder when 297362743 is divided by 10641.
10639
Calculate the remainder when 37701327 is divided by 553.
552
What is the remainder when 10021538 is divided by 252?
2
Calculate the remainder when 224976768 is divided by 33.
27
Calculate the remainder when 618048 is divided by 556.
332
What is the remainder when 32831 is divided by 8144?
255
What is the remainder when 33397924 is divided by 26?
14
Calculate the remainder when 92037 is divided by 17334.
5367
What is the remainder when 3604169 is divided by 1061?
1013
Calculate the remainder when 1363522 is divided by 139.
71
What is the remainder when 333242589 is divided by 134?
133
Calculate the remainder when 440033 is divided by 439723.
310
Calculate the remainder when 227143724 is divided by 37857284.
20
Calculate the remainder when 45753238 is divided by 1268.
1262
What is the remainder when 94879 is divided by 7284?
187
Calculate the remainder when 139501 is divided by 46320.
541
Calculate the remainder when 34526474 is divided by 7.
3
Calculate the remainder when 2118070 is divided by 12.
10
Calculate the remainder when 5641149 is divided by 45863.
0
What is the remainder when 1151121 is divided by 120?
81
What is the remainder when 1883882 is divided by 627955?
17
What is the remainder when 79486799 is divided by 779?
755
What is the remainder when 33907565 is divided by 116?
69
What is the remainder when 10511 is divided by 1862?
1201
Calculate the remainder when 47912 is divided by 47907.
5
What is the remainder when 562290 is divided by 140212?
1442
Calculate the remainder when 1121836 is divided by 1384.
796
What is the remainder when 5121804 is divided by 36?
12
What is the remainder when 645184 is divided by 2633?
99
Calculate the remainder when 4395509 is divided by 1754.
1739
Calculate the remainder when 967392323 is divided by 2697.
2696
Calculate the remainder when 290842439 is divided by 588.
587
Calculate the remainder when 643371 is divided by 40209.
27
What is the remainder when 1711463 is divided by 21664?
7
What is the remainder when 23667 is divided by 21755?
1912
Calculate the remainder when 590445 is divided by 3835.
3690
What is the remainder when 212203 is divided by 429?
277
What is the remainder when 5949564 is divided by 9?
6
Calculate the remainder when 3091166 is divided by 3091153.
13
Calculate the remainder when 168734566 is divided by 8.
6
What is the remainder when 692182 is divided by 345?
112
What is the remainder when 576741 is divided by 96105?
111
Calculate the remainder when 414329318 is divided by 2046.
2042
What is the remainder when 270230 is divided by 269944?
286
Calculate the remainder when 360956539 is divided by 140.
139
Calculate the remainder when 38010646 is divided by 39.
37
Calculate the remainder when 471844914 is divided by 219.
216
Calculate the remainder when 928671 is divided by 14454.
3615
What is the remainder when 49368 is divided by 12249?
372
Calculate the remainder when 1026119 is divided by 416.
263
Calculate the remainder when 3726553 i